Suppose -z*m = -5*x - 20, 5*m + 4*x - 83 = -0*m. List the prime factors of m.
3, 5
Let p(v) = -2*v**2 - 23*v + 3. Let m(k) = k**2 + 12*k - 2. Let g(z) = -7*m(z) - 3*p(z). List the prime factors of g(-11).
7
Let s = 20 - 15. Suppose 0 = 2*i + 4, -3*i = s*u - 435 - 309. What are the prime factors of u?
2, 3, 5
List the prime factors of 1277 + (-23)/((-161)/(-42)).
31, 41
Let v = -133 - -401. List the prime factors of v.
2, 67
Suppose 5*p - 8 + 33 = 3*l, -4*p = 20. Suppose 3*i - i - 4*s - 114 = l, -i - s + 45 = 0. List the prime factors of i.
7
Let x(d) = 25*d**2 - 22*d + 100. What are the prime factors of x(6)?
2, 7, 31
Let u(o) = -o**3 - 2*o**2 + 2*o. Let y be u(-3). Suppose -k + 2*x + 3 = 0, 0*x = -5*k + y*x + 15. Suppose -8 = -s - k*s. What are the prime factors of s?
2
Let m be (-2)/(-14) - (-1)/(-7). Suppose -4*n + 5*o + 48 = -n, 3*o = m. Suppose k - a = -3*k + 49, -k = -a - n. List the prime factors of k.
11
Suppose -22*p - 9*p + 13454 = 0. What are the prime factors of p?
2, 7, 31
Suppose 5*d + 10 = 0, -h + d + 5704 = h. List the prime factors of h.
2851
Let c(v) = -47*v**2 + 4*v - 3. Let j be c(2). Let d = -17 - j. List the prime factors of d.
2, 83
Let p = -466 - -2063. What are the prime factors of p?
1597
List the prime factors of (-5)/(-3)*(3942/15 - 0).
2, 3, 73
Let a(w) = -w**3 + 5*w**2 + 14*w + 3. Let h be a(7). Suppose 4*u + 316 = 2*c, -h*c - 4*u = -289 - 205. What are the prime factors of c?
2, 3
List the prime factors of 1/(25/(-730))*(-69 + 4).
2, 13, 73
Let l(n) = -2*n**2 - 145*n + 73. Let s(r) = -r**2 - 97*r + 49. Let w(q) = -5*l(q) + 8*s(q). List the prime factors of w(25).
2
Let p = -961 + 1532. What are the prime factors of p?
571
Let z = -5 + 9. Suppose s + z - 7 = 0. Suppose -3*g + 101 = 5*b - 4*g, -s*b + 43 = -5*g. List the prime factors of b.
3, 7
Let m(a) = 3*a + 51. Let z(f) = f**2 - 1. Let y be z(1). What are the prime factors of m(y)?
3, 17
Let s be (-6)/21 + 111/21. Suppose -s*v + 31 + 31 = -3*u, -5*v = u + 54. List the prime factors of (-3 - -2) + u/(-1).
2, 7
Suppose -4*x - 4*i - 240 = 0, -3*x + i - 6*i - 186 = 0. Let m = 96 + x. List the prime factors of m.
3, 13
Let o be (11 - 8)/((2 + 0)/18). Suppose -o - 57 = -6*g. What are the prime factors of g?
2, 7
Let w be (-10)/((-4)/(6/(-3))). Let p(k) = -6*k**2 - 6*k + 12. Let j(d) = 2*d**2 + 2*d - 4. Let m(t) = -8*j(t) - 3*p(t). List the prime factors of m(w).
2, 3
Suppose 4*g + 5*z = -21, 0*g - 15 = 3*g + 3*z. Let s(y) = -y**3 + 3*y**2 + 12*y + 11. List the prime factors of s(g).
3, 5
Let c(q) = 4*q**2 - 7*q - 2. Let n be c(5). Suppose n = 6*w - 9. List the prime factors of 486/10 + w/30.
7
Suppose -n - 2*n = 0. Let q be 1 - n - 0/2. What are the prime factors of (16/(-10))/(q/(-5))?
2
Let z be 45/12 - 2/(-8). Suppose 5*d = z*u + 396, -4*d + 2*u = -2*d - 158. List the prime factors of d.
2, 5
Let f be 7/(14/6) - -333. Let m be f/9 + 4/(-12). Suppose 2*s + 102 = 4*j, -87 - m = -5*j - s. What are the prime factors of j?
5
Suppose 10*f - 12 = 14*f. List the prime factors of (-3)/(6/(-28)) + f.
11
Let v(n) = n**2 + 9*n + 14. Let r be v(-7). Suppose 4*u - 592 = g, -4*u + 4*g = -r*g - 592. List the prime factors of u.
2, 37
Suppose 0 = 4*l - 7*l - 5*l. Suppose l = -t - 4*f + 49, -f = -2*f. List the prime factors of t.
7
Let a = 924 + -549. What are the prime factors of a?
3, 5
Let d(g) = g + 1. Let v(x) = 13*x + 15. Let b(i) = -5*d(i) + v(i). What are the prime factors of b(9)?
2, 41
Let v = 4 + -8. Let m be v/(-1)*5/10. Suppose -a - 39 = -m*a. List the prime factors of a.
3, 13
Suppose -261*f + 279*f = 2862. What are the prime factors of f?
3, 53
Let z(u) = u**3 - 5*u**2 - 12*u + 51. List the prime factors of z(9).
3, 89
Let r = 1144 - 310. List the prime factors of r.
2, 3, 139
Let x = 5 - 2. Let l = 53 - 51. Suppose x*p = -l*i + 82, -p + 5*i + 145 = 4*p. What are the prime factors of p?
2, 7
Let g(i) be the third derivative of -i**6/120 + i**5/15 - 7*i**3/6 - 3*i**2. Let q be g(5). Let b = -11 - q. List the prime factors of b.
3, 7
Let p(t) = 7*t**3 - 7*t**2. What are the prime factors of p(2)?
2, 7
Let h = -33 - -39. Suppose -h*j + 9 = -303. List the prime factors of j.
2, 13
Let r(n) = 7*n**2 + 30*n - 168. List the prime factors of r(17).
5, 11, 43
Suppose 3*c + 2 = 2*c, -5*c - 315 = -i. What are the prime factors of i?
5, 61
Let c be 8*(1 - (-4)/(-8)). Suppose 0 = -c*p - 2*p + 330. What are the prime factors of p?
5, 11
Let w = -439 - -1067. What are the prime factors of w?
2, 157
Let g = -611 - -974. List the prime factors of g.
3, 11
Let o = 378 - 38. What are the prime factors of o?
2, 5, 17
Let p be (2/(-3))/(1/(-3)). Suppose l - 4*l = -5*y - 21, p*l + 8 = -4*y. Suppose -2*g = l*g - 32. What are the prime factors of g?
2
Let i(n) = n**2 + 3*n + 5. Let q be i(-16). Let m be 3/(-4) - (-6457)/44. Let f = q - m. List the prime factors of f.
67
Suppose -2*q + 14 = 2*p + 2*p, -5*p = -q - 28. Suppose 2 = p*i - 8. What are the prime factors of (112/35)/(i/15)?
2, 3
Let b(r) = 5*r - 15. Let c be b(9). What are the prime factors of (5/c*-3)/((-1)/414)?
3, 23
Let p = -161 - 20. Let q = -20 - p. List the prime factors of q.
7, 23
Let u be 0 - -2 - (-3 - 2). Suppose -u*h = 198 - 667. What are the prime factors of h?
67
Suppose -h - c + 3982 = -0*c, h - 3*c = 3990. What are the prime factors of h?
2, 3, 83
Let s be 2/6 + 80/3. Let c be (-129)/86 - (-6)/4. Let m = s - c. What are the prime factors of m?
3
Let i be (-50)/(-12) - (-1)/(-6). What are the prime factors of ((-45)/36)/((-1)/i)?
5
Let d(q) = q**3 - 6*q**2 + 7*q - 11. Let m = -24 - -30. What are the prime factors of d(m)?
31
Suppose -5*d - 1 = 14, 5*d = -2*y - 23. Let l be (-1)/(0 + 1) - -1. What are the prime factors of l - 14*(2 + y)?
2, 7
Suppose 5*j - 19 = 4*q, -2*j + 3*j - 4*q = -9. Suppose 0 = 2*g - j*g - 60. Let x(s) = s**2 + 11*s. List the prime factors of x(g).
2, 3
Suppose -5 = 5*u - 15. Suppose -7*j = -u*j. List the prime factors of 234/(-6)*(-2 - j).
2, 3, 13
Let y(g) = g**3 - 15*g**2 + 14*g + 2. Let f = 18 - 4. Let q be y(f). Suppose -k = -q - 14. What are the prime factors of k?
2
Let x be (-336)/64*112/(-6). Suppose -c - 13 = -x. What are the prime factors of c?
5, 17
Suppose 4*v + 2*j = 24, v + 3*j = 6*v - 19. Suppose 0 = s - 23 + v. List the prime factors of s.
2, 3
Suppose -4*d = -4*p - 0*d + 2144, -p = -4*d - 521. List the prime factors of p.
541
Let b(s) = s**2 + 10*s + 9. Let z = 4 + -13. Let m be b(z). Let n(f) = -f**2 - f + 8. List the prime factors of n(m).
2
Let d(m) = -2*m**3 - 7*m**2 + 2*m - 7. Let g be d(-4). Suppose -4*p - 8 = 0, 0*o - o = -5*p - 4. What are the prime factors of o + 10 - (-30)/g?
2, 17
Let t(y) = 22*y - 7. Let c(v) = -11*v + 4. Let h(z) = -13*c(z) - 6*t(z). What are the prime factors of h(8)?
2, 3, 13
Let j(o) be the third derivative of 23*o**4/24 - o**3 + 5*o**2. List the prime factors of j(7).
5, 31
Suppose 2*j = -2*y - 4, -y + 4*y + 12 = 0. Suppose 0 = i - 0*i - j. Suppose 32 + 22 = i*p. What are the prime factors of p?
3
Suppose 3*j = 3*c + 2*j - 345, c - 123 = 3*j. Let y = 199 - c. List the prime factors of y.
5, 17
Suppose -2*w = -10 - 44. Suppose 30*g = w*g + 12. Suppose 3*h + 81 = g*h. What are the prime factors of h?
3
Let a(i) = -i**3 + 3*i**2 + 195. What are the prime factors of a(0)?
3, 5, 13
Let i(k) = 6*k - 36. Let h be i(8). What are the prime factors of h*(-5 - 295/(-15))?
2, 11
Suppose a + 4*n + 16 = 5*a, -4*a - n = -31. Suppose 0 = -4*g + a*t - 3*t + 240, -3*g + 4*t = -177. What are the prime factors of g?
3, 7
Let d = 610 + 1589. List the prime factors of d.
3, 733
Suppose 60 - 296 = 2*g. Let h = g + 237. What are the prime factors of h?
7, 17
Let u be ((-1)/3)/(4*6/(-288)). What are the prime factors of (-29)/(2*u/(-24))?
3, 29
Let k(b) be the second derivative of -b**4/12 - b**3 + 7*b**2/2 + 5*b. List the prime factors of k(-6).
7
Let w(h) = h**2 - h - 1. Let x be w(3). Suppose -19 = x*s - 29. Suppose 5*n - 10 = 0, 2*n + s*n + 58 = 2*u. List the prime factors of u.
3, 11
Suppose 11749 = 5*v + 3*i, -3*v + 10793 - 3734 = -3*i. What are the prime factors of v?
2351
Let z(r) = -5*r - 7. Let n be z(-2). Suppose 0 = n*v + g - 48, -v - 5*g = -2*v + 16. List the prime factors of (492/v)/(3/4).
41
Let d(j) = -69*j - 72. List the prime factors of d(-10).
